h be n(-4). Let v = 13 + h. Suppose -z - 4*f + 24 = -v*z, 3*z - 3*f - 87 = 0. What is the tens digit of z?
2
Let f(j) = -10*j + 62. Let y(r) = -3*r + 21. Let n(u) = -2*f(u) + 7*y(u). What is the tens digit of n(-11)?
3
Let t = -179 - -670. What is the hundreds digit of t?
4
Let y(m) = m**3 - 26*m**2 + 17*m - 14. Let j(u) = u + 1. Let d(h) = -4*j(h) + y(h). What is the hundreds digit of d(26)?
3
Let w be (-16)/(2/185*5). What is the tens digit of (-1)/((-584)/w - (1 - -1))?
3
Let n(p) = 13*p**3 - 2*p + 1. Let a be n(1). Let g = a + -6. What is the units digit of (-6 - -9) + (g - 0)?
9
Suppose -2 = r - w - 0*w, -r + 4*w - 2 = 0. Let i = -4 + r. Let c = i + 53. What is the tens digit of c?
4
Suppose 240 = -5*l - s, -5*l + s = -2*s + 240. Let f = l + 58. What is the units digit of f?
0
Let x be 835/(-5) + (-6)/4*2. Let d = x - -330. What is the units digit of d?
0
Let g be -87*(3 - 20/6). Suppose -g - 5 = -2*n. Suppose 0 = -2*r + 3*r - n. What is the tens digit of r?
1
Let i be ((-6)/5)/((-6)/20). Let u be 11 + 189/(-18) + 1/(-2). Suppose -4*t - 3*q + 204 = u, -76 = -2*t + q + i*q. What is the units digit of t?
8
Let h = -1192 - -1885. What is the units digit of h?
3
Suppose -n - 4*k - 672 = -5*n, n - 174 = 3*k. What is the hundreds digit of n?
1
What is the units digit of (7 + 135/(-18))*-1628?
4
Let n(f) = f**3 + 15*f**2 - 5*f - 79. What is the hundreds digit of n(-13)?
3
Let p(h) = h**2 + 9*h - 10. Let r be p(-10). What is the units digit of 14/2*5 - r?
5
Suppose m = 1 + 35. Suppose -2*j + m + 62 = -4*h, 233 = 5*j + 2*h. What is the tens digit of j?
4
What is the tens digit of ((-39)/(-2))/(-13)*(-928)/1?
9
Let v be (-1)/(-2)*(-2 - -10). Suppose -4*j - 3 = 4*o + 5, 0 = -v*j + 2*o + 22. What is the tens digit of 1/j - (-53)/3?
1
Suppose 7*r + 16*r = 1541. What is the units digit of r?
7
Suppose 5*h - 15 = 5*x, 0*x - 3*x = 4*h - 5. Suppose -v = -h*g - 22, 44 - 2 = v + 2*g. What is the tens digit of v?
3
Let v = -4 + 5. Let c = v - 4. What is the tens digit of (c - (-2 + -2)) + 20?
2
Suppose -4*d - 50 = -2*t, 0 = 5*d - 4*t + 46 + 9. Let u be ((-24)/d + -2)*5. What is the units digit of (-6)/4*u*6?
8
Let m(t) be the second derivative of -3*t**3 - 12*t**2 + 33*t. What is the units digit of m(-8)?
0
Let f be 4/(-2) - (-3 + 1). Suppose -3*a + 9 = f, 4*c + 0 + 11 = -3*a. Let p = c - -11. What is the units digit of p?
6
Suppose -17670 = -5*z - 25*z. What is the hundreds digit of z?
5
Let g be (-24)/15*555/(-6). What is the units digit of (-3)/((-12)/g) + -3?
4
Suppose -5*m - 2*t = -3566, 0 = 7*m - 8*m + t + 716. What is the hundreds digit of m?
7
Let h(b) be the first derivative of b**3/3 + 3*b**2/2 - 23*b + 1. What is the units digit of h(-11)?
5
Let x(o) = 2*o - 6. Let c be x(-7). Let m = 4 - c. What is the units digit of (-8)/m - (-98)/6?
6
Let q = 1 + -1. Suppose 4*t = 2*l - 36, -t = -q*l + l + 6. Let b = 27 + t. What is the tens digit of b?
1
Let h be (175/(-50))/(2/(-20)). Let w = h + 7. What is the tens digit of w?
4
Suppose 0 = 4*d + d - h - 9381, 0 = -4*d + 5*h + 7509. What is the thousands digit of d?
1
Let t(o) = -o**3 - 19*o**2 + 8*o - 22. What is the units digit of t(-22)?
4
Let l(v) = -v**3 + 19*v**2 - 29*v - 15. Let b be l(17). Let h = 11 + b. What is the tens digit of h?
8
Suppose 3*p + 0*p + 3*m = 381, 2*m + 118 = p. What is the hundreds digit of p?
1
Let n(r) = -124*r - 281. What is the units digit of n(-3)?
1
Let d(v) = -3*v**3 - 6*v**2 + 19*v - 17. What is the units digit of d(-10)?
3
What is the units digit of 0 + 767 - 0/18?
7
Suppose -49*z + 55*z - 18894 = 0. What is the tens digit of z?
4
Let u be (-2)/(-5)*(-25)/(-5). Let o be u + 0 + 20 + 3. What is the tens digit of o + (-3 - -6) - 1?
2
Let l = -2579 - -2934. What is the tens digit of l?
5
What is the hundreds digit of (2/(-3))/(-1)*636?
4
Let l(g) = -g - 2. Suppose -5*r - 36 = 4*m, -3*r - 16 = r. Let v be l(m). What is the tens digit of (1/v)/(6/720)?
6
Let a = -342 - -630. Let k = a + -179. What is the hundreds digit of k?
1
Let u(k) = k**3 - 14*k**2 - 14*k - 2. Let w be u(15). Suppose -8*h = -w*h. What is the tens digit of (26 - (0 - h)) + -2?
2
Let s be 17/(3 - 2) - -3. Let w = s - 16. Suppose -27 = -3*j + 5*n + 21, -w*j + 64 = -5*n. What is the tens digit of j?
1
Suppose 2*l - 3*v - 187 = l, 0 = -4*l + 2*v + 788. Suppose -3*w - l = -748. What is the tens digit of w?
8
Let p be -6*-2*(-3)/(-12). Suppose -4*w - 3*j + 388 = 1, p = -j. Suppose 3*b - w = -0*b. What is the units digit of b?
3
Suppose 5086 = 11*m - 12228. What is the thousands digit of m?
1
Let a = 34 - 36. What is the units digit of -1*((-1115)/65 - a/13)?
7
Let z(f) = -f**2 - f. Let b be z(-3). Let y(j) = j**3 + 9*j**2 + 2*j - 8. Let h be y(b). Suppose 5*v - h = -8. What is the units digit of v?
6
Suppose -6*m + 357 + 741 = 0. Suppose 5*u + 5*t = t + m, -u = 4*t - 27. What is the units digit of u?
9
Suppose 3*r + 555 = 5*y - 116, 405 = 3*y - r. Let s be (-3)/2*(28 - -36). Let t = y + s. What is the units digit of t?
0
Let d(j) = 2*j**3 - 6*j**2 + j - 3. Suppose 2*k + 1 = 3*k. Let o = k - -3. What is the tens digit of d(o)?
3
Let l = -31 - -31. Suppose 5*h + 27 = 7, -t + 4*h + 10 = l. Let d = t + 20. What is the units digit of d?
4
Let d = 20 + -12. Suppose 0*j - 4*j = -d. What is the units digit of (j/(-6))/((-9)/216)?
8
Let j be -48*(0 + (-2)/6). Let c be (0 - 71)/(2 - 3). Let p = c - j. What is the tens digit of p?
5
Suppose -3 = -2*j + 3. Suppose 3*t + 3*p - 33 = t, -j*p + 9 = 0. What is the units digit of t - 8 - 2*-7?
8
Suppose -7 = -4*n + 4*h - h, 4*n - h = 5. Let b(v) = 54*v - 1. What is the tens digit of b(n)?
5
Suppose -23 = 5*u + 2. What is the tens digit of 5/(u/(-65) - 0)?
6
What is the units digit of (-5*(-27)/(-45))/((-6)/742)?
1
Let i = 614 + -530. What is the units digit of i?
4
Let r(m) = 4*m + 2. Let u be r(7). Suppose -10 + u = 5*y. Suppose y*z = 3*z + 8. What is the units digit of z?
8
Suppose 322 = 2*m + 4*s, 2*s - 157 = -m + 4*s. Let u = -7 + m. What is the tens digit of u?
5
Suppose 0 = 19*c - 11362 - 57. What is the hundreds digit of c?
6
Suppose 4*j - 3 - 1 = 0. Let c be (6/3 - 1)*j. What is the units digit of (c - 36)/(11 + -12)?
5
Suppose -3*r = 4*p - 2421, 4*p - 211*r = -207*r + 2400. What is the units digit of p?
3
Suppose 19*j = 20*j - 12. Let d = 4 + -8. What is the units digit of (-32)/j*30/d?
0
Let g(b) = b**2 - 8*b + 2. Let t be g(9). Suppose -3*l - l + 20 = 4*x, -t = -x - 3*l. Suppose x*i - 74 = -2. What is the tens digit of i?
3
Suppose 5*f = -3*c, 4*f = f - 3*c. Suppose -3*z - 2*x + 108 = f, -z + 180 = 4*z + 3*x. What is the units digit of z?
6
What is the hundreds digit of (-120)/14*(-13167)/66?
7
Suppose 2*y - 1 = -11. Let r = -3 - y. Suppose -l - r*l = c - 24, -3*c + 2*l + 39 = 0. What is the units digit of c?
5
Suppose 5*t - 76 = -6. Let s(x) = x**2 + 2*x - 6. Let d be s(0). What is the units digit of (-1 - t/4)*d?
7
What is the units digit of 87/27 + -3 + 6422/18?
7
Suppose 11*s = 41955 + 12660. What is the thousands digit of s?
4
Let v be (-10)/35 - (-195)/21. Let w(b) = b**2 - 8*b + 5. Let g be w(v). Let c = 16 - g. What is the units digit of c?
2
Suppose -7*h + 12*h - 20 = 0. Let w be -1 + (h + -2)*-1. What is the units digit of ((-2)/w)/(2/63)?
1
Let w be 140/21*(-216)/(-10). Let r be 956/(-10) - 12/30. Let f = w + r. What is the units digit of f?
8
Let o be 1 + -38 + -1 - (3 - 2). Suppose 5 = 5*a, 2*a + a - 64 = -g. Let s = g + o. What is the units digit of s?
2
Let t(n) = -254*n**3 - n**2 - 12*n - 25. What is the units digit of t(-2)?
7
What is the thousands digit of 1/2*2402 - 2/(-1)?
1
Suppose -484*j + 2940 = -480*j. What is the hundreds digit of j?
7
What is the tens digit of (13/(-52))/(2/(-11208))?
0
Suppose -b = 2*x - 5, -2*x - 2*b + 3 = 1. Suppose -3*z - 9 = 0, 0 = -x*c + z - 5*z - 4. Suppose 2*w = -4, c*s + 2*w = -w. What is the units digit of s?
3
Suppose 2*a = -4*r + 6, 4*r - 3 - 1 = -4*a. What is the tens digit of 8/(((-20)/(-85))/r)?
6
Let m be (-2)/(-3 - -4)*-10. Let j = m + -14. What is the units digit of j*(0 + 28/8)?
1
Let g(f) = -f**2 + 3*f + 2. Let y be g(2). Suppose -5*w + 185 = 3*l, 0*l - y*l = -4*w + 180. What is the units digit of w/4 + -1 + 2?
1
Let k(n) = 28*n**3 - 8*n**2 - 15*n + 32. What is the thousands digit of k(4)?
1
Suppose 0*y